e 8) to base 2
-1101000001110111
-87a1c2 (base 13) to base 14
-5d1688
What is 62341 (base 11) in base 5?
10402131
What is -269590 (base 13) in base 6?
-32011131
Convert -450aa16 (base 11) to base 7.
-124125445
Convert -15130 (base 11) to base 6.
-243150
-920338 (base 10) to base 4
-3200230102
What is 2241311 (base 5) in base 6?
510050
Convert 10685224 (base 11) to base 6.
2013014200
Convert -3133111112 (base 4) to base 12.
-381472
-15a1613 (base 13) to base 16
-6a62cf
Convert 1165487 (base 9) to base 15.
c7c54
12220133 (base 4) to base 5
1332132
What is 254352335 (base 6) in base 9?
10323585
Convert 4146b (base 13) to base 14.
309dc
What is -66c76a (base 13) in base 6?
-124002555
What is 11120010002221 (base 3) in base 8?
11174753
What is 681399 (base 10) in base 5?
133301044
What is -112101311 (base 4) in base 6?
-1542245
What is -776507 (base 10) in base 8?
-2754473
Convert eea2a (base 16) to base 9.
1748725
Convert 3232 (base 12) to base 4.
1112012
656352 (base 8) to base 14
5a466
What is 220217 (base 8) in base 11?
50556
What is 20837b (base 12) in base 13?
14c08a
-37d21d (base 14) to base 5
-442342400
Convert -1ab8d (base 14) to base 11.
-47213
Convert -b3b27 (base 13) to base 11.
-200462
Convert 233543442 (base 6) to base 16.
42e492
261634a (base 11) to base 9
8467340
-4c5b1 (base 16) to base 10
-312753
Convert 265332 (base 7) to base 10.
49905
What is 11340344 (base 5) in base 6?
2133244
-84953 (base 11) to base 3
-20021112202
What is -d74d1 (base 14) in base 10?
-519583
What is 2430242 (base 5) in base 13?
17a52
-2103210 (base 8) to base 16
-88688
What is 101211212010211 (base 3) in base 16?
57f4d2
Convert 11100001010011001011010 (base 2) to base 13.
16b6419
What is 32083 (base 15) in base 6?
3222540
-101010101110111010 (base 2) to base 5
-21100114
What is -24404122 (base 5) in base 12?
-b2177
What is -1a1d3 (base 15) in base 11?
-5878a
What is -11231231330 (base 4) in base 14?
-2adca8
What is -66bad (base 16) in base 15?
-84a21
What is -54d908 (base 16) in base 4?
-111031210020
What is 20000101100122 (base 3) in base 14?
5d2b1a
What is 1b5984 (base 12) in base 15?
99444
5bb96 (base 15) to base 8
1074002
Convert 26aca (base 14) to base 11.
65779
3021410344 (base 5) to base 11
3459337
-3731441 (base 9) to base 12
-819a47
Convert -1025425 (base 6) to base 5.
-3103424
What is 739744 (base 11) in base 13?
325caa
Convert 110a59 (base 11) to base 7.
1334636
Convert 5014073 (base 8) to base 14.
263cdd
Convert -31420213 (base 6) to base 2.
-11100000101010110001
-221233033 (base 4) to base 15
-359c4
Convert -163204 (base 10) to base 9.
-267777
1133510 (base 7) to base 3
21021002002
Convert -367e5 (base 15) to base 5.
-21031130
Convert -2001202021 (base 3) to base 10.
-40642
What is 1272716 (base 11) in base 4?
20121001330
Convert 3023123303 (base 5) to base 8.
27112200
Convert -110221202121 (base 3) to base 11.
-164628
Convert 1011000001010010000 (base 2) to base 15.
71ed9
What is -2da576 (base 16) in base 4?
-23122111312
555072 (base 8) to base 2
101101101000111010
-2e81 (base 15) to base 8
-23445
What is 1201024001 (base 5) in base 8?
12376407
What is 4184422 (base 10) in base 3?
21212120221121
What is -22102000220 (base 3) in base 8?
-503203
What is 4578125 (base 9) in base 15?
33ca82
Convert db3a (base 15) to base 11.
31957
184845 (base 9) to base 6
2245022
Convert 447614 (base 9) to base 11.
173425
What is -dfae5 (base 16) in base 6?
-31345353
What is -75086 (base 14) in base 12?
-117766
What is 20bcc8 (base 16) in base 2?
1000001011110011001000
Convert 2222211001 (base 3) to base 7.
333523
3221313201 (base 4) to base 10
957921
-10069443 (base 10) to base 12
-3457283
What is -692588 (base 10) in base 4?
-2221011230
What is 6e82b (base 15) in base 3?
122221000012
What is -2b02e6 (base 15) in base 10?
-2076291
Convert 6160422 (base 7) to base 6.
23445303
Convert 12221011012 (base 3) to base 12.
57695
Convert 210201110212 (base 3) to base 7.
3430322
a50c3 (base 13) to base 6
10205510
Convert -31b0 (base 14) to base 11.
-64a2
What is 127b5 (base 16) in base 2?
10010011110110101
4469a (base 11) to base 3
10021210011
What is -91c0c (base 13) in base 7?
-2135524
274603 (base 8) to base 9
156511
What is -322544 (base 7) in base 14?
-16694
Convert 1178c (base 14) to base 5.
2331111
-144145054 (base 6) to base 13
-8106a9
-165d (base 16) to base 9
-7761
-12202221121011 (base 3) to base 7
-35043025
Convert 43443 (base 5) to base 8.
5666
Convert -4712710 (base 8) to base 5.
-312033103
Convert 1144213252 (base 6) to base 15.
1235e05
Convert -110000010001101010 (base 2) to base 14.
-520c2
What is -217d18 (base 15) in base 11?
-9a0072
Convert 77053 (base 10) to base 13.
290c2
Convert 2053534 (base 6) to base 7.
566263
-514206 (base 8) to base 3
-22122100200
-48067 (base 9) to base 12
-16721
Convert 22357 (base 8) to base 9.
13865
Convert -4068 (base 15) to base 9.
-20578
What is 11111220121120 (base 3) in base 6?
123233110
Convert -569221 (base 10) to base 16.
-8af85
Convert -729262 (base 11) to base 13.
-31c097
What is -654232 (base 7) in base 10?
-114340
-154125230 (base 6) to base 15
-44b173
1341423303 (base 5) to base 11
1a59067
Convert 1244256 (base 10) to base 9.
2305716
-576776 (base 8) to base 14
-5166a
What is 1020022211 (base 3) in base 10?
24295
-114229 (base 13) to base 10
-409015
What is -131002 (base 8) in base 5?
-2424240
Convert 5007cd (base 16) to base 12.
190b291
Convert -10230031 (base 6) to base 4.
-1021012003
1210000221120 (base 3) to base 5
220223344
What is -47559d (base 15) in base 11?
-1a1a001
Convert 2233232301 (base 4) to base 3.
1100120101000
Convert 101001100000001101010110 (base 2) to base 5.
10241123310
What is 2311330222 (base 5) in base 9?
10668886
123040505 (base 7) to base 15
a38928
11101110011110110001 (base 2) to base 5
222224232
What is 20631366 (base 7) in base 9?
3265283
-59556 (base 11) to base 5
-10221400
Convert 205000 (base 7) to base 9.
53414
-414a522 (base 11) to base 6
-420515542
-1109602 (base 13) to base 6
-303505311
7a4b7 (base 13) to base 4
312120003
Convert -14b93b (base 16) to base 6.
-45035403
Convert -1101111110101001000111 (base 2) to base 13.
-9b3c22
-b68a66 (base 14) to base 15
-81d4ac
Convert 12201202021010 (base 3) to base 4.
23213221002
Convert -471d9 (base 15) to base 8.
-672372
Convert 100103210 (base 4) to base 9.
111548
Convert -21345031 (base 6) to base 4.
-2123103223
Convert fe5b1 (base 16) to base 7.
11566303
What is 64817 (base 13) in base 12?
89072
135232 (base 6) to base 10
12836
-14430153 (base 6) to base 10
-501621
What is -64a31 (base 11) in base 4?
-113003032
1111101100110010000001 (base 2) to base 8
17546201
What is 20220234 (base 8) in base 15?
5949ad
Convert -852023 (base 11) to base 15.
-1be385
Convert -210200201100202 (base 3) to base 10.
-11528669
What is -1306460 (base 7) in base 11?
-106aa9
-5251261 (base 7) to base 8
-2326754
What is -3c234 (base 15) in base 9?
-323514
Convert 3112011332 (base 5) to base 15.
859797
What is -2655026 (base 8) in base 5?
-142301313
3775761 (base 9) to base 6
112035044
What is 213350 (base 8) in base 7?
415110
Convert -242123341 (base 5) to base 14.
-215a74
What is -535505354 (base 6) in base 9?
-18806007
4400003434 (base 5) to base 4
203300330012
Convert f494c (base 16) to base 3.
1212220012212
-2132431301 (base 5) to base 7
-53622150
Convert 20ae0 (base 15) to base 7.
611235
Convert 13303347 (base 9) to base 15.
897bc7
What is -1100100101000101000000 (base 2) in base 14?
-61ba6c
What is -34525a (base 14) in base 16?
-1b2e50
Convert -68442 (base 13) to base 2.
-101110010011101000
227845 (base 9) to base 4
201130310
What is 111233021212 (base 4) in base 5?
2424320100
What is 174350 (base 9) in base 14?
2b5d2
588872 (base 12) to base 6
50313422
What is -46983 (base 15) in base 3?
-102102111120
-1021355 (base 6) to base 5
-3041412
What is 171542 (base 9) in base 4?
121322210
Convert 45364466 (base 7) to base 3.
21102121211002
What is -2a7743 (base 11) in base 13?
-139b8b
2d823d (base 14) to base 8
6060017
Convert 12112120223 (base 4) to base 5.
411231210
47739 (base 14) to base 9
285071
-101222111001 (base 3) to base 7
-1560064
Convert 453a12 (base 11) to base 13.
1c3bb7
What is 306342 (base 9) in base 8?
543052
Convert -1436532 (base 9) to